se 13, what is -a4a977 - c?
-a4a986
In base 10, what is -727946 + 3?
-727943
In base 5, what is 401024 + 1112401?
2013430
In base 9, what is -5 - -1002332?
1002326
In base 14, what is 5 - -4c6285?
4c628a
In base 5, what is 2002 + -221342?
-214340
In base 8, what is -5 - -3627653?
3627646
In base 13, what is 1c9b8 + -59c?
1c419
In base 5, what is 22030311 - 34243?
21441013
In base 15, what is -55d9 + 569?
-5070
In base 12, what is -258a - -45a2?
2014
In base 3, what is 12020001102 + -11120?
12012212212
In base 9, what is 156 - 128755?
-128588
In base 6, what is 4 + -523022204?
-523022200
In base 7, what is -506363 - -115?
-506245
In base 12, what is 792 - 37517b?
-3745a9
In base 14, what is 730d - c3?
722a
In base 11, what is -4441 - 1473?
-5904
In base 12, what is -1653691 + 2?
-165368b
In base 14, what is -27750dd3 - 2?
-27750dd5
In base 5, what is -33010 - 331421?
-414431
In base 7, what is 1156514 - 3?
1156511
In base 2, what is 1101100 - 111001001010100100110?
-111001001010010111010
In base 7, what is -304025 - -3013?
-301012
In base 2, what is -101110 + 1101000010111110101111?
1101000010111110000001
In base 10, what is 7 + -13230942?
-13230935
In base 8, what is 4 - 17674346?
-17674342
In base 5, what is -1412203 + -10?
-1412213
In base 4, what is 3012322 + 313211?
3332133
In base 12, what is 4aa33 - -85?
4aab8
In base 3, what is 10212 - -11121201000?
11121211212
In base 2, what is -1000100001011011011010 - 1?
-1000100001011011011011
In base 2, what is -1000001111111 + 101011100110?
-10110011001
In base 5, what is -2 + -1041323333?
-1041323340
In base 16, what is -7b8bd7 - -5?
-7b8bd2
In base 10, what is 23992019 + -52?
23991967
In base 9, what is -201758 + 266?
-201482
In base 14, what is -199 - -48a32?
48877
In base 14, what is 18c + 21c7?
2375
In base 12, what is 19 + -82731b?
-827302
In base 6, what is 31 + -512143034?
-512143003
In base 9, what is 1148523160 - 4?
1148523155
In base 5, what is 34021044041 - 0?
34021044041
In base 14, what is 0 + -119b0db5?
-119b0db5
In base 14, what is 6a604c2 + 5?
6a604c7
In base 15, what is -1a72040e + -3?
-1a720412
In base 14, what is 623 + -151d?
-cda
In base 16, what is -2c - -2f143?
2f117
In base 11, what is -23 + -2a15358?
-2a15380
In base 16, what is -71d69f7 - 2?
-71d69f9
In base 13, what is -300 - 85b8?
-88b8
In base 15, what is -ebb81b7 - -1?
-ebb81b6
In base 14, what is ca918 + 17?
ca931
In base 3, what is -12221 - -1002002?
212011
In base 14, what is -3d526 - -50?
-3d4b6
In base 4, what is 3130 - -2020322031?
2020331221
In base 10, what is 1 - -3482934?
3482935
In base 16, what is -740bc80 + 1?
-740bc7f
In base 7, what is -1544 - 1356301?
-1361145
In base 3, what is 100210010 - 2000002?
21210001
In base 11, what is 5 + -13582026?
-13582021
In base 13, what is -5 + -13748844?
-13748849
In base 12, what is -3957bb4 - -3?
-3957bb1
In base 8, what is -210 + -164232?
-164442
In base 6, what is -5302 + -4222355?
-4232101
In base 14, what is -198 - 1a1a4?
-1a35c
In base 8, what is -67401 - 1206?
-70607
In base 8, what is 170056 - -57?
170135
In base 16, what is -12e9dc2 - 1?
-12e9dc3
In base 16, what is 28b8f0 + 0?
28b8f0
In base 4, what is -2021223010 + 101310?
-2021121100
In base 13, what is 4 + 9a5b32?
9a5b36
In base 3, what is 10010 - 1202121112?
-1202111102
In base 3, what is 22 + 12102100201101?
12102100201200
In base 4, what is 122 - -3221333212?
3222000000
In base 11, what is -1a7437 + -26?
-1a7462
In base 16, what is 15b + 168d5c?
168eb7
In base 3, what is 22 + -201112120122?
-201112120100
In base 12, what is 12990 + 415b?
16b2b
In base 13, what is -51085 + -c3?
-51178
In base 9, what is 1025604 + -177?
1025416
In base 3, what is -101020000 + 222201122?
121111122
In base 6, what is 12513013 - -244?
12513301
In base 7, what is -662601 - -213?
-662355
In base 10, what is 625200 - 1?
625199
In base 11, what is 160454 + -23?
160431
In base 6, what is 153150141 + -2?
153150135
In base 3, what is 20010001012202 + 21?
20010001020000
In base 11, what is 31180685 - -3?
31180688
In base 7, what is 226 + 2342?
2601
In base 2, what is -1111110111001001 + -1010101111?
-10000000001111000
In base 3, what is -20021021100020 - 102?
-20021021100122
In base 11, what is 230293 + 65?
230348
In base 11, what is 5a0a + 10?
5a1a
In base 8, what is -7027 - 405?
-7434
In base 6, what is 403 - 10011014?
-10010211
In base 14, what is 148c + 16cd6?
18384
In base 15, what is -101a664 - -b?
-101a658
In base 10, what is 426863 - 98?
426765
In base 13, what is -448a + -234?
-46c1
In base 13, what is 2186618 + 0?
2186618
In base 9, what is -142860 - 335?
-143305
In base 2, what is -1100 + 110111100000110001?
110111100000100101
In base 14, what is 20 - -dd978?
dd998
In base 2, what is 1010 - 1011010000110010010000001?
-1011010000110010001110111
In base 4, what is -31220111003020 - -3?
-31220111003011
In base 11, what is -9270768 - -9?
-927075a
In base 14, what is 7631c - -41?
7635d
In base 15, what is -11285 - 3eed?
-15283
In base 15, what is 334 + 2016e?
204a3
In base 14, what is -ad1 - 253a5?
-26096
In base 10, what is -15696 - -1593?
-14103
In base 3, what is 11111210 + -101122021?
-20010111
In base 3, what is -10121210112001 - 110000?
-10121210222001
In base 14, what is 8 + -1134681?
-1134677
In base 16, what is 11f + -2f6de?
-2f5bf
In base 13, what is -6 + -2095853?
-2095859
In base 12, what is -31 - -7a217?
7a1a6
In base 14, what is 5 + -a5487b8?
-a5487b3
In base 7, what is -34506226 - 441?
-34510000
In base 13, what is 10c98 + cb7?
11c82
In base 7, what is 40203451 + -3?
40203445
In base 10, what is -31 + 49421?
49390
In base 4, what is -3133312300312 - 20?
-3133312300332
In base 16, what is 3e6b + -19f?
3ccc
In base 15, what is -2074 - -3262?
11dd
In base 9, what is -1211 - -204403?
203182
In base 2, what is -111100 - 1001001110111000100101?
-1001001110111001100001
In base 9, what is 5 + 10854484?
10854500
In base 5, what is 10 - 11234424?
-11234414
In base 12, what is 18b6a25 + 6?
18b6a2b
In base 9, what is 14386462 - -1?
14386463
In base 5, what is 13222241 + -334?
13221402
In base 10, what is 35039 + -9577?
25462
In base 14, what is 7b9 - 62a?
18d
In base 12, what is 1951 - -83?
1a14
In base 12, what is -16 + 1811ba8?
1811b92
In base 13, what is 203c - -159?
2198
In base 6, what is 10 - 3003255003?
-3003254553
In base 10, what is -24318707 - 1?
-24318708
In base 6, what is 5540 - 41532?
-31552
In base 2, what is 10000 - -1101011001010101000000110?
1101011001010101000010110
In base 12, what is -210ba90a + 4?
-210ba906
In base 2, what is -111 - -1001001010110010111?
1001001010110010000
In base 3, what is -12 - -11121011012202?
11121011012120
In base 7, what is 110 + -210436?
-210326
In base 4, what is 11 - -1023111210?
1023111221
In base 16, what is 362a8 - 1643?
34c65
In base 11, what is -5755a - 26?
-57585
In base 16, what is -57a - ea17?
-ef91
In base 15, what is -1 - -77912?
77911
In base 13, what is -137 - -121041?
120c07
In base 8, what is -5023014 - -150?
-5022644
In base 16, what is a + -35a95d?
-35a953
In base 15, what is d33de7d - -3?
d33de81
In base 4, what is -1111311220 - 1022?
-1111312302
In base 4, what is -1210310130002 - -11?
-1210310123331
In base 13, what is 0 - -2a877c?
2a877c
In base 15, what is a8 - 1579e?
-156e6
In base 8, what is -1065005562 - 4?
-1065005566
In base 3, what is -11 - 11010201202120220?
-11010201202121001
In base 12, what is 832 - -2a625?
2b257
In base 3, what is -11012122110210 + 1020?
-11012122102120
In base 7, what is 155403040 - 2?
155403035
In base 7, what is -1321020 + -1013?
-1322033
In base 4, what is 10 - 301312320103?
-301312320033
In base 6, what is 23 + -51155540?
-51155513
In base 7, what is -41260 - 21322?
-62612
In base 2, what is 101011101 - 100011110100?
-11110010111
In base 11, what is 59518 - 118?
59400
In base 8, what is 1234201 + 16?
1234217
In base 10, what is -32265084 + -3?
-32265087
In base 9, what is -27284004 - -17?
-27283876
In base 11, what is -328495 + 32?
-328463
In base 7, what is -202500 + -16145?
-221645
In base 12, what is -1406 - 115?
-151b
In base 8, what is 12 + 10224577?
10224611
In base 4, what is 102 + -1022001220000?
-1022001213232
In base 3, what is 1002 - -2002000211220?
2002000212222
In base 14, what is -639511a3 - -3?
-6395